 5*l, -m + 2*m = -a*l + 626. Calculate the greatest common divisor of l and 18.
18
Let p = -3013 + 3023. Suppose 23 - 55 = -4*c. Calculate the greatest common factor of p and c.
2
Let w = 1242 - 1174. Calculate the highest common factor of w and 629.
17
Let i be -2 - 5 - -4 - -54. Suppose 4*k - 2*k = 5*d - 214, 4*d - 185 = -3*k. Suppose i = 7*q + d. What is the greatest common factor of q and 1?
1
Suppose -157 = -7*p + 123. Let l = p + -35. What is the highest common factor of l and 135?
5
Suppose 5*l = -4*h + l, 5*h - 4 = -3*l. Suppose -299*x - 1260 = -317*x. Suppose -h*r + x + 16 = 0. What is the greatest common divisor of 215 and r?
43
Let q = 886 + -328. Let x = 23 + 39. Calculate the highest common factor of q and x.
62
Let o = 222 + -87. Let f be (-19 - -15)/(3 - 1). Let n be (-285)/(-20) - f*6/16. What is the highest common divisor of o and n?
15
Let d be 277866/3483 - (-4)/18. Calculate the highest common factor of d and 1296.
16
Let w = 335 + 1485. Let b be ((-6)/(-7))/(26/w). Calculate the greatest common divisor of 480 and b.
60
Let c(d) = -2*d**3 - 12*d**2 - 12*d - 7. Let h be c(-5). Suppose 2*p + 4*v - 24 = 0, -8 = h*p + 7*v - 12*v. Calculate the greatest common factor of p and 10.
2
Let g(k) = -k**3 + 3*k**2 + 8*k - 16. Let l be g(4). Suppose 3*a - 1037 = -0*a + 2*u, l = -3*u - 3. Calculate the greatest common factor of 30 and a.
15
Let d = 1406 + 13734. Calculate the greatest common factor of 20 and d.
20
Let a(x) = x**3 - 17*x**2 + 52*x - 339. Let z be a(22). What is the highest common divisor of 105 and z?
15
Let w be (72/(-28))/((-4)/28). Let p be 21/(-27) - (-2)/(-9). Let q = 11 - p. What is the highest common factor of w and q?
6
Let w be (4/18 + 325/(-450))*4. Let g(m) = -19*m**3 + 3*m**2 + 3*m + 4. Let r be g(w). What is the greatest common divisor of r and 54?
54
Let x = -2437 + 2482. Calculate the greatest common divisor of x and 645.
15
Let q = -33 - -65. Suppose -q = 3*p - 7*p. Suppose -5*t + r = -p, -4*t + 3*r + 10 = -3*t. What is the highest common divisor of t and 3?
1
Let m be (-234)/(-702)*(2840/1 - 2) + 6. What is the greatest common factor of 2023 and m?
119
Let w = -176 + 159. Let g(f) = f + 72. Let x(r) = -1. Let i(q) = g(q) + 2*x(q). Let t be i(w). What is the greatest common divisor of t and 477?
53
Suppose -n + 20379 = 5*b, 18*n + 30 = 13*n. What is the greatest common factor of 216 and b?
27
Let k be ((-24)/(-22))/2 - ((-1422576)/99 + -21). Calculate the highest common factor of 82 and k.
41
Let b be (6 - 3/2)*88/3. Let l = b + -101. Let x be l + -5 + 3 - (-5 - -6). Calculate the highest common divisor of x and 70.
14
Let n(q) = -15 + 3*q**2 + 7 + 3*q + 8*q. Let k be n(-4). Let h be 136 - (1 - 4 - k). Calculate the highest common factor of h and 15.
15
Let h = -17575 + 17610. Calculate the greatest common divisor of h and 80.
5
Let t(i) = 7*i + 1. Let w be t(2). Let d(s) = 2*s**3 - 33*s**2 + 109*s + 3. Let n be d(12). Calculate the highest common factor of n and w.
15
Suppose 201 + 525 = 33*x. Suppose -s = -0*s - 11. What is the highest common factor of s and x?
11
Let h = 174 - 157. Suppose -2*m - 158 = -4*r, -5*m = 4*r - 120 - h. What is the highest common divisor of 323 and r?
19
Let p = -492 + 564. Suppose p*x + 588 = 76*x. What is the greatest common divisor of 49 and x?
49
Suppose 0 = 40*j - 43*j + 198. What is the highest common factor of j and 48?
6
Suppose -24*l + 26*l = -10. Let v = 13 - l. Suppose 4 = 4*j - 2*j. Calculate the highest common factor of v and j.
2
Let h(u) = -88*u + 135. Let k be h(-13). Let m = -207 + k. Calculate the greatest common divisor of m and 16.
16
Let a be (-3)/2*(-1 - 1). Suppose 2360 = -0*c + 10*c + 10*c. Suppose -286 = -a*r - 2*r + 3*v, 3*v + c = 2*r. Calculate the greatest common divisor of 7 and r.
7
Let v(s) = -3*s**2 - 14*s - 7 + 1 + 2*s**2 - 3. Let k be v(-13). Suppose -k*w = -18 - 50. What is the highest common divisor of 68 and w?
17
Let n be 16 - 1760/((-100)/10). What is the highest common factor of n and 3216?
48
Suppose 2*a + 17 = 5*y, -2*y = a + 3*y - 44. Calculate the highest common divisor of 1059 and a.
3
Let v = -3420 - -3509. What is the greatest common factor of v and 4717?
89
Let v(m) = 17*m**2 + 23*m - 196. Let h be v(7). Calculate the highest common factor of 42 and h.
42
Let u be (6 + (9 - 9))/(10/5). Calculate the highest common divisor of 127 and u.
1
Suppose 5*z - 5*q = -0*q + 180, 4*q = -3*z + 136. Let a be 21/(-9)*(-1 + -2). Let p be (-3)/a + (-38)/(-7). What is the greatest common divisor of p and z?
5
Suppose -4*g - 4*f + 68 = 0, 5*g - 16 = 2*f + 69. Let z(x) = 17*x + 17. Let y be z(0). Calculate the greatest common divisor of y and g.
17
Suppose 14*u + 836 = 276. Let b be 4/(-5)*300/u. Calculate the greatest common divisor of 6 and b.
6
Let z(c) = -17*c**3 - 9*c**2 - 10*c - 32. Let d be z(-4). What is the greatest common factor of d and 136?
136
Let c(q) = q**2 - q - 3. Let a(j) = -47*j + 41. Let t(p) = a(p) + 2*c(p). Let y be t(24). Let g = 104 + -49. What is the highest common divisor of y and g?
11
Let w be -1 - (-10 + -1 + -1). Suppose 0 = 6*r - w*r + 150. Let g be 160/r*66/8. Calculate the highest common factor of 11 and g.
11
Let n = 1521 + -1494. Suppose -5*y = -5*k - 75, -y - k = -6*k - 3. What is the greatest common factor of n and y?
9
Suppose -2*z - 5*h = -11, 4*z - 19*h - 11 = -18*h. Suppose -5*n + 2*c + 64 = 3*c, z*n + 3*c = 48. What is the highest common divisor of 372 and n?
12
Suppose 4*m - 3 - 13 = 0. Suppose -g - 3*n = n + 201, -2*g - m*n - 402 = 0. Let j = g + 370. Calculate the greatest common factor of j and 13.
13
Let u be (-19 - (-880 - 11)) + -1. What is the highest common divisor of u and 1541?
67
Let w = -13488 - -17250. Calculate the greatest common divisor of 114 and w.
114
Suppose -3*l + 3879 = 3*s, 46*l - 44*l + 3*s = 2582. What is the greatest common divisor of l and 1?
1
Suppose -3692 = -150*n + 79*n. Let m = -6 + 7. Let b = n - m. What is the greatest common factor of 3 and b?
3
Suppose 4*s = 4*h - 500, 5*s = 3*h - 175 - 198. Let l = 24 + h. Let o = 3930 + -3900. Calculate the highest common factor of l and o.
30
Suppose 5*j - 1845 = -4*p - p, -4*p = -5*j + 1791. What is the highest common factor of 33 and j?
33
Suppose 13*s = -30*s + 1118. Let t be (-30)/(-9)*(-24)/(-20). Suppose t*v - 291 = 125. What is the highest common divisor of v and s?
26
Let w = 70 - 34. Suppose 4 = i + 4*j, 2*i - 6*j = 52 - 2. Let r = w - i. What is the greatest common divisor of r and 180?
20
Let v(o) = -33*o + 7299. Let s be v(69). Calculate the highest common divisor of 465 and s.
93
Let o = 111 + -93. Suppose 8*s = 2*s + o. Calculate the greatest common divisor of s and 8.
1
Suppose o - 16778 = -5*w, 16763 = 5*w - 3*o - o. Calculate the highest common factor of w and 110.
55
Let h(x) = x**2 + 19*x + 347. Let u be h(-25). Calculate the highest common factor of 175 and u.
7
Suppose 8*f + 29 = 9*f + 5*p, 4*f = -3*p + 31. Suppose -49 - 87 = -f*u. What is the greatest common factor of u and 51?
17
Let a(k) = 4*k - 3. Let m be a(2). Let i(f) = 3*f - 7. Let z be i(m). Suppose 6*r - 1312 - 1120 = -32*r. What is the greatest common divisor of z and r?
8
Suppose -5*o + 1730 = -2*s - 3*s, 3*s + 1038 = -5*o. Let v = s - -347. What is the highest common factor of v and 23?
1
Let o be (10/30)/(2/(-37062)*-3). What is the greatest common divisor of o and 29?
29
Let r be 8 + (4/8 - (-12)/8). Suppose 5*m - r*m + 350 = -2*i, 5*i - 97 = -m. What is the greatest common factor of 16 and m?
8
Suppose 10*b - 2605 - 1576 + 1461 = 0. What is the greatest common factor of b and 3842?
34
Let w be (-2)/(-10) - (-2 + (-1140)/50). Suppose b + w - 55 = -4*h, -2*b + h + 51 = 0. Let n = 283 - 192. What is the greatest common factor of n and b?
13
Let m(l) = 353*l**2 + 82*l - 237. Let w be m(3). Calculate the greatest common factor of w and 162.
54
Suppose 432 = 5*b + 4*v, -2*b + 63 = 5*v - 120. What is the greatest common factor of b and 28?
28
Let u(t) = 84*t**2 - 35*t + 130. Let p be u(5). Calculate the greatest common divisor of 45 and p.
15
Let s = -1174 - -344. Let g = s + 902. What is the highest common factor of 324 and g?
36
Suppose 1310 = 4*y + 2*r, 4*y + 2*r = -3*r + 1307. Let t = y + -193. Let p = -5 + 20. What is the greatest common factor 